{"id":345,"date":"2009-05-12T09:37:30","date_gmt":"2009-05-12T08:37:30","guid":{"rendered":"http:\/\/www.bagn.no\/?page_id=345"},"modified":"2021-03-15T18:07:30","modified_gmt":"2021-03-15T17:07:30","slug":"bruker","status":"publish","type":"page","link":"https:\/\/www.bagn.no\/?page_id=345","title":{"rendered":"Om oss"},"content":{"rendered":"<p>Bagn.no er nettside for nyheter og aktuelle saker fra Bagn og omegn. Om du \u00f8nsker \u00e5 f\u00e5 lagt ut saker p\u00e5 bagn.no s\u00e5 send e-post til post@bagnil.no.<\/p>\n<h1><strong>\u00d8nsker du \u00e5 bidra p\u00e5 Bagn.no ?<\/strong><\/h1>\n<p><strong>Skribenter\/journalister<\/strong><\/p>\n<p>Vi trenger skribenter fra n\u00e6romr\u00e5det, men ogs\u00e5 fra deg som p\u00e5 annen m\u00e5te f\u00f8ler tilknytning til omr\u00e5det. Alle som har \u00f8nske \u00e5 skrive om ting av allmenn interesse er hjertelig velkomne. Vi kunne spesielt tenke oss flere nyheter fra l\u00f8ypelag, hytteforeninger, utflyttede, noen som vurderer \u00e5 flytte tilbake osv.<\/p>\n<p><strong>Grafisk utforming<\/strong><\/p>\n<p>Har du kunnskap om grafisk design, bildebehandling osv? Bagn.no og idrettslaget er p\u00e5 utkikk etter noen som kan utforme plakater, skilt osv. Tilpasning av logoer og utvikle en grafisk profil. Ta kontakt med oss p\u00e5 redaksjon@bagnil.no for mer informasjon. Vi har mange oppgaver innen feltet som for den har lyst er det en fin m\u00e5te \u00e5 skaffe seg erfaring, eller \u00e5 bidra for \u00e5 gj\u00f8re produktet bagn.no bedre.<\/p>\n<p><strong>Sosiale medier<\/strong><\/p>\n<p>Vi er alltid p\u00e5 utkikk etter frivillige s\u00e5 ta kontakt s\u00e5 finner vi helt sikkert noe som du kan bidra med.<\/p>\n<p>Har du innspill til forbedringer, kritikk eller ros s\u00e5 bare send til oss.<\/p>\n","protected":false},"excerpt":{"rendered":"<p>Bagn.no er nettside for nyheter og aktuelle saker fra Bagn og omegn. Om du \u00f8nsker \u00e5 f\u00e5 lagt ut saker p\u00e5 bagn.no s\u00e5 send e-post til post@bagnil.no. \u00d8nsker du \u00e5 bidra p\u00e5 Bagn.no ? Skribenter\/journalister Vi trenger skribenter fra n\u00e6romr\u00e5det, men ogs\u00e5 fra deg som p\u00e5 annen m\u00e5te f\u00f8ler tilknytning til omr\u00e5det. Alle som har [&hellip;]<\/p>\n","protected":false},"author":2,"featured_media":0,"parent":0,"menu_order":1,"comment_status":"open","ping_status":"closed","template":"","meta":{"footnotes":""},"class_list":["post-345","page","type-page","status-publish","hentry"],"_links":{"self":[{"href":"https:\/\/www.bagn.no\/index.php?rest_route=\/wp\/v2\/pages\/345","targetHints":{"allow":["GET"]}}],"collection":[{"href":"https:\/\/www.bagn.no\/index.php?rest_route=\/wp\/v2\/pages"}],"about":[{"href":"https:\/\/www.bagn.no\/index.php?rest_route=\/wp\/v2\/types\/page"}],"author":[{"embeddable":true,"href":"https:\/\/www.bagn.no\/index.php?rest_route=\/wp\/v2\/users\/2"}],"replies":[{"embeddable":true,"href":"https:\/\/www.bagn.no\/index.php?rest_route=%2Fwp%2Fv2%2Fcomments&post=345"}],"version-history":[{"count":0,"href":"https:\/\/www.bagn.no\/index.php?rest_route=\/wp\/v2\/pages\/345\/revisions"}],"wp:attachment":[{"href":"https:\/\/www.bagn.no\/index.php?rest_route=%2Fwp%2Fv2%2Fmedia&parent=345"}],"curies":[{"name":"wp","href":"https:\/\/api.w.org\/{rel}","templated":true}]}}