{"id":3255,"date":"2010-08-11T23:37:20","date_gmt":"2010-08-11T22:37:20","guid":{"rendered":"http:\/\/www.bagn.no\/?page_id=3255"},"modified":"2022-01-13T00:31:41","modified_gmt":"2022-01-12T23:31:41","slug":"tur-og-trim","status":"publish","type":"page","link":"https:\/\/www.bagn.no\/?page_id=3255","title":{"rendered":"Tur og Trim"},"content":{"rendered":"<p>Ansvarlig for turkarusellen: \u00a0Anne Dyve<\/p>\n<div title=\"Page 1\">\n<p>Turm\u00e5lene i folderen er skilta og har kasser med registreringsb\u00f8ker.<\/p>\n<p>De som har 10 turer og flere totalt er med i trekningen av premier. Alle som har skrevet navnet sitt i boka p\u00e5 ett eller flere turm\u00e5l er med i trekningen av 10 stk. T-skjorter. \u201dKarusell\u00e5ret\u201d g\u00e5r fra 15.10. \u2013 14.10.<\/p>\n<p>&#8211; \u00a0Skriv fullt navn tydelig i boka<br \/>\n&#8211; \u00a0Skriv antall turer du har v\u00e6rt p\u00e5 dette turm\u00e5let bak navnet ditt i boka<\/p>\n<p>Selv om du ikke vil v\u00e6re med i trekning av premier, anbefaler vi at du bes\u00f8ker ett eller flere av de foresl\u00e5tte turm\u00e5lene. Du vil da oppdage at S\u00f8r-Aurdal har en fantastisk natur \u00e5 by p\u00e5, b\u00e5de sommer og vinter.<\/p>\n<p><a href=\"http:\/\/bagn.no\/wp-content\/uploads\/2018\/06\/Turkarusellen-2018-folder.pdf\">Turkarusellen 2018 folder\u00a0<\/a><\/p>\n<p>Turkart S\u00f8r-Valdres, best.nr. 2555, dekker alle turm\u00e5lene (se kartreferanser).<\/p>\n<\/div>\n<p>Her er turm\u00e5lene som Bagn Idrettslag har ansvaret for i turkarusellen:<\/p>\n<div title=\"Page 3\">\n<table>\n<colgroup>\n<col \/>\n<col \/>\n<col \/> <\/colgroup>\n<tbody>\n<tr>\n<td>\u00a0TURM\u00c5L<\/td>\n<\/tr>\n<tr>\n<td>\n<div>\n<div>\n<p>BJ\u00d8DALSKAMPEN 1159 m.o.h.<\/p>\n<p>Kart ref. (204-386)<\/p>\n<\/div>\n<\/div>\n<p><img loading=\"lazy\" decoding=\"async\" src=\"file:\/\/\/page3image79120\" alt=\"page3image79120\" width=\"0\" height=\"0\" \/><\/td>\n<td>\n<div>\n<div>\n<p>Sving opp mot Reinli fra gamle Bagn sentrum. F\u00f8lg vei skiltet Fjellst\u00f8len. 1) Sving av veien mot S\u00f8ndre Fjellst\u00f8len (bom). Kj\u00f8r opp til hotellet og f\u00f8lg tydelig sti mot toppen. Ogs\u00e5 merket sti lenger ned mot Vesma, f\u00f8lg gammel kl\u00f8vsti i s\u00f8r-\u00f8stlig retning. Lett stigning til toppen. Ogs\u00e5 egnet for terrengsykling. 2). F\u00f8lg vei skiltet mot Nordre Fjellst\u00f8len (bom). Parker ved \u00d8vre \u00d8ytjern. F\u00f8lg merket sti mot toppen. Ogs\u00e5 egnet for terrengsykling.<\/p>\n<\/div>\n<\/div>\n<\/td>\n<td>\n<div>\n<div>\n<p>Sving opp fra Bagn sentrum ved Statoil mot Vest\u00e5sen (bom). Ta av mot h\u00f8yre etter ca 12 km mot Blomst\u00f8len. P\u00e5 toppen av hyttefelt tydelig sti til Bj\u00f8rdalskampen. Ogs\u00e5 egnet for terengsykling.<\/p>\n<\/div>\n<\/div>\n<\/td>\n<\/tr>\n<tr>\n<td colspan=\"1\" rowspan=\"2\">\n<div>\n<div>\n<p>FISKEBUFJELLET 1109 m.o.h.<br \/>\nKart ref. (188-403)<\/p>\n<\/div>\n<\/div>\n<p><img loading=\"lazy\" decoding=\"async\" src=\"file:\/\/\/page3image87240\" alt=\"page3image87240\" width=\"0\" height=\"0\" \/><\/td>\n<td>\n<div>\n<div>\n<p>Sving opp fra gamle Bagn sentrum mot Reinli. F\u00f8lg vei merket Fjellst\u00f8len. Ta av mot Nordre Fjellst\u00f8len (bom). F\u00f8lg veien ca 6 km fra bommen, ta av mot \u00d8ytjernveien i skarp h\u00f8yresving. F\u00f8lg veien rundt vannet, ta av i fjerde avkj\u00f8ring til h\u00f8yre. Etter 50 m tydelig sti mot Fiskebufjellet.<\/p>\n<\/div>\n<\/div>\n<\/td>\n<td>\n<div>\n<div>\n<p>Sving opp fra gamle Bagn sentrum mot Reinli. F\u00f8lg vei merket Fjellst\u00f8len. Ta av mot Nordre Fjellst\u00f8len (bom). F\u00f8lg veien ca 7 km fra bommen til \u00d8vre \u00d8ytjern. Parker ved veien og f\u00f8lg merket sti til Fiskebufjellet. Ogs\u00e5 egnet for terrengsykling.<\/p>\n<\/div>\n<\/div>\n<\/td>\n<\/tr>\n<tr>\n<td>\n<div>\n<div>\n<p>Som beskrivelsen over. Fra toppen av Fiskebufjellet f\u00f8lger en stien nedover mot \u00d8vre \u00d8ytjern.<br \/>\nTurkasse innunder fjellet langs stien.<\/p>\n<\/div>\n<\/div>\n<\/td>\n<td>\n<div>\n<div>\n<p>Vinter: F\u00f8lg skil\u00f8ype fra Nordre Fjellst\u00f8len mot S\u00f8ndre Fjellst\u00f8len\/omvendt.<br \/>\nKassa st\u00e5r p\u00e5 det h\u00f8yeste punktet ved l\u00f8ypa innunder Fiskebufjellet.<\/p>\n<\/div>\n<\/div>\n<\/td>\n<\/tr>\n<\/tbody>\n<\/table>\n<\/div>\n<div title=\"Page 4\">\n<table>\n<colgroup>\n<col \/>\n<col \/>\n<col \/> <\/colgroup>\n<tbody>\n<tr>\n<td><\/td>\n<td><\/td>\n<td><img loading=\"lazy\" decoding=\"async\" src=\"file:\/\/\/page4image6144\" alt=\"page4image6144\" width=\"180\" height=\"0\" \/> <img loading=\"lazy\" decoding=\"async\" src=\"file:\/\/\/page4image6568\" alt=\"page4image6568\" width=\"0\" height=\"0\" \/><\/td>\n<\/tr>\n<tr>\n<td>\n<div>\n<div>\n<p>LANGEBERG- VARDEN,<br \/>\n918 m.o.h.<\/p>\n<p>Kart ref. (278-418)<\/p>\n<\/div>\n<\/div>\n<\/td>\n<td>\n<div>\n<div>\n<p>Start fra Haugrud (sm\u00e5bruk etter Skarsveien, Vestre Bagn). Bratt oppoverstigning i skoglent terreng (ca 1 time). Flott utsikt! Del av historielagets vandreopplegg<\/p>\n<\/div>\n<\/div>\n<\/td>\n<td>\n<div>\n<div>\n<p>Fra Bagn sentrum f\u00f8lg veien til Reinli 2,5 km. Ikke kj\u00f8r over brua til Reina. Skarp sving til venstre ved 2 etg bolig. F\u00f8lg veien som fortsetter som bomvei, langs \u00e5ssida over til Skard og Island. F\u00f8lg denne veien ca 2,5 km til ovenfor garden Haugerud. Herfra skiltet og merket sti til topps. Bratt oppoverstigning i skoglent terreng (ca 1 time). Flott utsikt! Del av historielagets vardeopplegg.<\/p>\n<\/div>\n<\/div>\n<\/td>\n<\/tr>\n<tr>\n<td><img loading=\"lazy\" decoding=\"async\" src=\"file:\/\/\/page4image14720\" alt=\"page4image14720\" width=\"0\" height=\"0\" \/><\/p>\n<div>\n<div>\n<p>KJELDEKNATTEN 880 .m.o.h.<\/p>\n<\/div>\n<\/div>\n<\/td>\n<td><img loading=\"lazy\" decoding=\"async\" src=\"file:\/\/\/page4image15800\" alt=\"page4image15800\" width=\"0\" height=\"0\" \/><\/p>\n<div>\n<div>\n<p>Fin motbakketur som starter ved Olavskjelda p\u00e5 veien opp mot Leirskogen. F\u00f8lg traktorvei en snau km., da g\u00e5r veien over i sti.<\/p>\n<\/div>\n<\/div>\n<\/td>\n<td colspan=\"1\" rowspan=\"2\"><img loading=\"lazy\" decoding=\"async\" src=\"file:\/\/\/page4image17680\" alt=\"page4image17680\" width=\"0\" height=\"0\" \/><\/p>\n<div>\n<div>\n<p>Lavterskel \u00e5 g\u00e5 veien fra bommen til Kjeldeknatten.<\/p>\n<\/div>\n<\/div>\n<p><img loading=\"lazy\" decoding=\"async\" src=\"file:\/\/\/page4image19208\" alt=\"page4image19208\" width=\"0\" height=\"0\" \/><\/td>\n<\/tr>\n<tr>\n<td>\n<div>\n<div>\n<p>Kart ref. (416-334)<\/p>\n<\/div>\n<\/div>\n<p><img loading=\"lazy\" decoding=\"async\" src=\"file:\/\/\/page4image20352\" alt=\"page4image20352\" width=\"0\" height=\"0\" \/><\/td>\n<td>\n<div>\n<div>\n<p>Herfra ca. 1,5 km. Opp til Kjeldeknatten.<\/p>\n<\/div>\n<\/div>\n<p><img loading=\"lazy\" decoding=\"async\" src=\"file:\/\/\/page4image21488\" alt=\"page4image21488\" width=\"0\" height=\"0\" \/><\/td>\n<\/tr>\n<tr>\n<td>\n<div>\n<div>\n<p>STORSVINGEN \u00d8ystre Bagn Kart ref. (421-317)<\/p>\n<\/div>\n<\/div>\n<\/td>\n<td>\n<div>\n<div>\n<p>Start i Bagn sentrum. F\u00f8lg vei mot Tons\u00e5sen oppover \u00d8stre Bagn. Storsvingen kjennetegnes som en skarp venstresving, men en mindre vei inn til h\u00f8yre. Turen er 3,5 km fra Bagn sentrum og 2,5 km fra Bagn kyrkje.<\/p>\n<\/div>\n<\/div>\n<\/td>\n<td><\/td>\n<\/tr>\n<tr>\n<td><img loading=\"lazy\" decoding=\"async\" src=\"file:\/\/\/page4image26816\" alt=\"page4image26816\" width=\"0\" height=\"0\" \/><\/p>\n<div>\n<div>\n<p>BRATTRUDSVINGEN Vestre Bagn<br \/>\nKart ref.<br \/>\n(421-292)<\/p>\n<\/div>\n<\/div>\n<p><img loading=\"lazy\" decoding=\"async\" src=\"file:\/\/\/page4image28736\" alt=\"page4image28736\" width=\"0\" height=\"0\" \/><\/td>\n<td>\n<div>\n<div>\n<p>Start i Bagn sentrum. F\u00f8lg vei mot Gol oppover Vestre Bagn i 3,5 km. I skarp venstresving g\u00e5r det gamleveien inn til h\u00f8yre. F\u00f8lg denne ca 200 m til et postkassestativ, som st\u00e5r midt i Brattrudsvingen.<\/p>\n<\/div>\n<\/div>\n<\/td>\n<td><img loading=\"lazy\" decoding=\"async\" src=\"file:\/\/\/page4image31832\" alt=\"page4image31832\" width=\"180\" height=\"0\" \/> <img loading=\"lazy\" decoding=\"async\" src=\"file:\/\/\/page4image32256\" alt=\"page4image32256\" width=\"0\" height=\"0\" \/> <img loading=\"lazy\" decoding=\"async\" src=\"file:\/\/\/page4image32896\" alt=\"page4image32896\" width=\"180\" height=\"0\" \/> <img loading=\"lazy\" decoding=\"async\" src=\"file:\/\/\/page4image33320\" alt=\"page4image33320\" width=\"0\" height=\"0\" \/><\/td>\n<\/tr>\n<tr>\n<td>\n<div>\n<div>\n<p>BARNFETEN \/ B\u00c5DNFETEN v\/\u00d8lnes\u00e6ter 1060 m.o.h.<\/p>\n<p>Kart ref. (238-398)<\/p>\n<\/div>\n<\/div>\n<p><img loading=\"lazy\" decoding=\"async\" src=\"file:\/\/\/page4image35672\" alt=\"page4image35672\" width=\"0\" height=\"0\" \/><\/td>\n<td>\n<div>\n<div>\n<p>Fra Bagn sentrum f\u00f8lg veien mot Gol ca 9km. Kj\u00f8r gjennom bommen. 500 meter etter bommen ta av til h\u00f8yre mot \u00d8lnes\u00e6ter. F\u00f8lg veien ca 1 km Parker langs veien i krysset opp til h\u00f8ystandard hyttefelt: G\u00e5 veien vestover til gammel l\u00f8e, ta til h\u00f8yre, g\u00e5 ca 50meter. Herfra f\u00f8lger skiltet og merket sti. Ca halvtimes gange opp til sletten. Lett stigende terreng til \u00e5 begynne med f\u00f8r det flater ut. Fin tur for barn. Lavterskel.<\/p>\n<\/div>\n<\/div>\n<\/td>\n<td>\n<div>\n<div>\n<p>Fra Bagn sentrum f\u00f8lg veien til Reinli i 3km. Ta til venstre i krysset mot Reinli stavkirke. F\u00f8lg veien ca 1,5km og ta av til S\u00f8ndre Fjellst\u00f8len, bomvei ca 4,5km. Herfra f\u00f8lges skilting og merket sti. Ca 1 times tur opp.<\/p>\n<\/div>\n<\/div>\n<p><img loading=\"lazy\" decoding=\"async\" src=\"file:\/\/\/page4image43112\" alt=\"page4image43112\" width=\"180\" height=\"0\" \/> <img loading=\"lazy\" decoding=\"async\" src=\"file:\/\/\/page4image43536\" alt=\"page4image43536\" width=\"0\" height=\"0\" \/><\/td>\n<\/tr>\n<tr>\n<td>\n<div>\n<div>\n<p>BAGNSBERGENE G\u00c5RD, BERGAT`N<\/p>\n<p>Kart ref. (301-442)<\/p>\n<\/div>\n<\/div>\n<p><img loading=\"lazy\" decoding=\"async\" src=\"file:\/\/\/page4image45560\" alt=\"page4image45560\" width=\"0\" height=\"0\" \/><\/td>\n<td>\n<div>\n<div>\n<p>F\u00f8lg merket sti som g\u00e5r opp fra E16 ved H\u00f8lveien, like nord for Bagn sentrum. Stien g\u00e5r gjennom Gr\u00e5beinh\u00f8let, der det er flere minnesmerker over flere falne under siste krig. Bergat`n er krigshistorisk museum under Bagn Bygdesamling. F\u00f8lg vei\/sti videre forbi Dalen og Gubberud, der det er fin utsikt over Bagn. Stien g\u00e5r ned mot Erlandshaugen, forbi Haugakollen til Spangerud. Ca 1 1\u20442 time gangtid. Turen kan g\u00e5s p\u00e5 truger vinterstid.<\/p>\n<p>Alternativ rute: Start I Bagn sentrum og g\u00e5 \u00f8verst i nye Spangerudfeltet. Ved snuplassen er det skiltet til Bergat \u0301n (skoleveien) p\u00e5 venstre h\u00e5nd. F\u00f8lg stien til du kommer til Bergat \u0301n. Dette er en bratt trase, men absolutt verdt turen.<\/p>\n<\/div>\n<\/div>\n<\/td>\n<td>\n<div>\n<div>\n<p>Lavterskeltur:<br \/>\nParker ved innkj\u00f8ringen til Bagnsbergene ved Breidablikk. G\u00e5 grusveien innover, men velg gammel vei til venstre, som ligger i lia med flott utsikt ned mot Bagn. Veien f\u00f8lges ca 2 km f\u00f8r den m\u00f8ter stien ned mot hoppbakken (oppr. Rute) rett f\u00f8r Gubberud. F\u00f8lg s\u00e5 opprinnelig rute mot Dalen og over til Bagnsbergene. Ca 30 min gange, en vei.<\/p>\n<\/div>\n<\/div>\n<p><img loading=\"lazy\" decoding=\"async\" src=\"file:\/\/\/page4image56064\" alt=\"page4image56064\" width=\"180\" height=\"0\" \/> <img loading=\"lazy\" decoding=\"async\" src=\"file:\/\/\/page4image56488\" alt=\"page4image56488\" width=\"0\" height=\"0\" \/><\/td>\n<\/tr>\n<tr>\n<td>\n<div>\n<div>\n<p>MAKALAUS 1099 m.o.h.<\/p>\n<p>Kart ref. (191-450)<\/p>\n<\/div>\n<\/div>\n<\/td>\n<td>\n<div>\n<div>\n<p>Kj\u00f8r veien mellom Stavadalen og Lia\u00e5sen, og ta av til venstre inn i nytt hyttefelt. Parker ved pumpehus p\u00e5 toppen av hyttefeltet. Lett og barnevennlig tur i flott fjellterreng. 1 times tur. Like ved starten ligg \u201dFlyst\u00f8tta\u201d, minnestein over to flygere som styrta 09.03.1949. Alternative rutebeskrivelser til Makalaus:<\/p>\n<p>Kj\u00f8r til Liagrenda og ta av til Lia\u00e5sen. Rutene starter med S\u00f8rheimst\u00f8lstjednet som utgangspunkt.<br \/>\n1. Start turen der kjednet renner ut i Ormekula. F\u00f8lg st\u00f8lsveien bort til Fetsetra. Bak den er stien som slynger seg gjennom sm\u00e5skog og moltemyrer, og m\u00f8ter den opprinnelige ruta ved toppen av skiheisen. F\u00f8lg den til Makalaus.<br \/>\n2. Denne ruta starter i lia ved andre enden av S\u00f8rheimst\u00f8lstjednet, ved Bergheimst\u00f8len. F\u00f8lg veien forbi st\u00f8len, og opp til den \u00f8verste hytta i hyttefeltet. F\u00f8lg s\u00e5 stien oppover i ganske bratt lende. Etter 1000moh merke, flater stien noe ut gjennom bj\u00f8rkeskogen, f\u00f8r den ledes inn i ei 200 meter lang kl\u00f8ft. P\u00e5 toppen av kl\u00f8fta, har vi den flotteste utsikt ned mot Stavadalen og Bagn. F\u00f8lg stien ned mot et vann, over ei steinr\u00f8ys, f\u00f8r den skr\u00e5r opp mot Makalus. Stien m\u00f8ter opprinnelig rute ca 300 meter f\u00f8r toppen. Dette er 3 km. Begge rutene blir oppg\u00e5tt vinterstid, men nr 2 er krevende begge veier.<\/p>\n<\/div>\n<\/div>\n<\/td>\n<td><\/td>\n<\/tr>\n<tr>\n<td colspan=\"3\" rowspan=\"1\"><\/td>\n<\/tr>\n<tr>\n<td><\/td>\n<td><\/td>\n<td><\/td>\n<\/tr>\n<\/tbody>\n<\/table>\n<\/div>\n","protected":false},"excerpt":{"rendered":"<p>Ansvarlig for turkarusellen: \u00a0Anne Dyve Turm\u00e5lene i folderen er skilta og har kasser med registreringsb\u00f8ker. De som har 10 turer og flere totalt er med i trekningen av premier. Alle som har skrevet navnet sitt i boka p\u00e5 ett eller flere turm\u00e5l er med i trekningen av 10 stk. T-skjorter. \u201dKarusell\u00e5ret\u201d g\u00e5r fra 15.10. \u2013 [&hellip;]<\/p>\n","protected":false},"author":3,"featured_media":0,"parent":4,"menu_order":10,"comment_status":"open","ping_status":"closed","template":"","meta":{"footnotes":""},"class_list":["post-3255","page","type-page","status-publish","hentry"],"_links":{"self":[{"href":"https:\/\/www.bagn.no\/index.php?rest_route=\/wp\/v2\/pages\/3255","targetHints":{"allow":["GET"]}}],"collection":[{"href":"https:\/\/www.bagn.no\/index.php?rest_route=\/wp\/v2\/pages"}],"about":[{"href":"https:\/\/www.bagn.no\/index.php?rest_route=\/wp\/v2\/types\/page"}],"author":[{"embeddable":true,"href":"https:\/\/www.bagn.no\/index.php?rest_route=\/wp\/v2\/users\/3"}],"replies":[{"embeddable":true,"href":"https:\/\/www.bagn.no\/index.php?rest_route=%2Fwp%2Fv2%2Fcomments&post=3255"}],"version-history":[{"count":0,"href":"https:\/\/www.bagn.no\/index.php?rest_route=\/wp\/v2\/pages\/3255\/revisions"}],"up":[{"embeddable":true,"href":"https:\/\/www.bagn.no\/index.php?rest_route=\/wp\/v2\/pages\/4"}],"wp:attachment":[{"href":"https:\/\/www.bagn.no\/index.php?rest_route=%2Fwp%2Fv2%2Fmedia&parent=3255"}],"curies":[{"name":"wp","href":"https:\/\/api.w.org\/{rel}","templated":true}]}}