{"id":1940,"date":"2009-10-18T23:18:03","date_gmt":"2009-10-18T21:18:03","guid":{"rendered":"http:\/\/www.bagn.no\/?page_id=1940"},"modified":"2009-10-18T23:18:03","modified_gmt":"2009-10-18T21:18:03","slug":"frivillige-organisasjoner","status":"publish","type":"page","link":"https:\/\/www.bagn.no\/?page_id=1940","title":{"rendered":"Organisasjonsliv"},"content":{"rendered":"<p>Det er mange lag og foreninger i S\u00f8r-Aurdal. Vi legger en link til alle som \u00f8nsker det p\u00e5 disse sidene. har dere ikke side s\u00e5 kan vi v\u00e6re behjelpelige med det.<\/p>\n<p>&nbsp;<\/p>\n<p>&nbsp;<\/p>\n<p><a href=\"http:\/\/www.bagnrodekors.no\"><img loading=\"lazy\" decoding=\"async\" class=\"alignleft size-full wp-image-10057\" title=\"kors\" src=\"http:\/\/www.bagn.no\/wp-content\/upLoads\/kors.png\" alt=\"\" width=\"318\" height=\"70\" \/><\/a><\/p>\n<p>&nbsp;<\/p>\n<p>&nbsp;<\/p>\n<p>&nbsp;<\/p>\n<p><strong>Bagn R\u00f8de Kors bidrar til at det blir tryggere \u00e5 v\u00e6re i S\u00f8r-Aurdal<\/strong><\/p>\n<p>&#8211;<\/p>\n<p><a href=\"http:\/\/sor-aurdal.frivilligsentral.no\/\"><img loading=\"lazy\" decoding=\"async\" class=\"alignleft  wp-image-10059\" title=\"sor-aurdal\" src=\"http:\/\/www.bagn.no\/wp-content\/upLoads\/sor-aurdal3.png\" alt=\"\" width=\"181\" height=\"114\" \/><\/a><\/p>\n<p>&nbsp;<\/p>\n<p>&nbsp;<\/p>\n<p>&nbsp;<\/p>\n<p>&nbsp;<\/p>\n<p><strong>Bagn Idrettslag er en av eierne av frivilighetssentralen i S\u00f8r-Aurdal<\/strong><\/p>\n<p>&nbsp;<\/p>\n<p>&nbsp;<\/p>\n<p><a href=\"http:\/\/www.hellebuklia.no\"><img loading=\"lazy\" decoding=\"async\" class=\"alignleft size-medium wp-image-10066\" title=\"topspor\" src=\"http:\/\/www.bagn.no\/wp-content\/upLoads\/topspor1-500x83.jpg\" alt=\"\" width=\"500\" height=\"83\" \/><\/a><\/p>\n<p>&nbsp;<\/p>\n<p>&nbsp;<\/p>\n<p>&nbsp;<\/p>\n<p><strong>Bagn Idrettslag har 2 andeler i hellebuklia l\u00f8ypelag. Vi oppfordrer til \u00a0\u00e5 st\u00f8tte opp om de lokale l\u00f8ypelagene<\/strong><\/p>\n","protected":false},"excerpt":{"rendered":"<p>Det er mange lag og foreninger i S\u00f8r-Aurdal. Vi legger en link til alle som \u00f8nsker det p\u00e5 disse sidene. har dere ikke side s\u00e5 kan vi v\u00e6re behjelpelige med det. &nbsp; &nbsp; &nbsp; &nbsp; &nbsp; Bagn R\u00f8de Kors bidrar til at det blir tryggere \u00e5 v\u00e6re i S\u00f8r-Aurdal &#8211; &nbsp; &nbsp; &nbsp; &nbsp; Bagn [&hellip;]<\/p>\n","protected":false},"author":3,"featured_media":0,"parent":0,"menu_order":0,"comment_status":"open","ping_status":"closed","template":"","meta":{"footnotes":""},"class_list":["post-1940","page","type-page","status-publish","hentry"],"_links":{"self":[{"href":"https:\/\/www.bagn.no\/index.php?rest_route=\/wp\/v2\/pages\/1940","targetHints":{"allow":["GET"]}}],"collection":[{"href":"https:\/\/www.bagn.no\/index.php?rest_route=\/wp\/v2\/pages"}],"about":[{"href":"https:\/\/www.bagn.no\/index.php?rest_route=\/wp\/v2\/types\/page"}],"author":[{"embeddable":true,"href":"https:\/\/www.bagn.no\/index.php?rest_route=\/wp\/v2\/users\/3"}],"replies":[{"embeddable":true,"href":"https:\/\/www.bagn.no\/index.php?rest_route=%2Fwp%2Fv2%2Fcomments&post=1940"}],"version-history":[{"count":0,"href":"https:\/\/www.bagn.no\/index.php?rest_route=\/wp\/v2\/pages\/1940\/revisions"}],"wp:attachment":[{"href":"https:\/\/www.bagn.no\/index.php?rest_route=%2Fwp%2Fv2%2Fmedia&parent=1940"}],"curies":[{"name":"wp","href":"https:\/\/api.w.org\/{rel}","templated":true}]}}